- 23) + 21?
-1
1 - ((-16 - 9) + 25)
1
Evaluate 413 + -390 - (26 - -1).
-4
What is -2 - 1 - (37 + -25 + -10) - -4?
-1
Calculate 7 + -1 + (16 - 26) + -12 + 7.
-9
What is 5 - (1 - 1) - (13 - 5 - -11)?
-14
Evaluate 7 + 7 + (-3 - (5 - 2) - 7).
1
-4 + (-9 - -8) + -1 - (2 - -5)
-13
Calculate -27 - (-27 - (-33 - -8)).
-25
8 + 2 + 0 - (1 - -1) - 6
2
Evaluate (-57 - -54) + 2 + 3.
2
What is the value of (14 + -28 - -12 - 8) + 7?
-3
Calculate -67 + 72 + -3 + 7 - (-2 - -7).
4
What is 4 + -1 + (-18 - -26 - (7 + -2))?
6
What is (-14 - (-43 + 25)) + -1 + -1 - 27?
-25
17 - 4 - (-5 - (-1 + -1 + -7))
9
What is the value of -1 - (7 + (16 - 32))?
8
Evaluate 2 - (-2 + -7 + 5 + 8) - 6.
-8
Evaluate -5 - -16 - 4 - (9 - 5).
3
What is the value of -5 - (-1 + -2 - (38 - 35))?
1
Evaluate -8 + -1 + 9 + -3 + 12 + 5.
14
What is the value of (-1 - (-3 - -1)) + (-125 - -120)?
-4
Evaluate (-23 - (-23 - -13)) + 8.
-5
Calculate 18 - (-18 + 6) - 18.
12
Calculate 28 + -67 + 54 + (-1 - -4).
18
Evaluate -2 - (6 - (4 - 6 - 3 - -5)).
-8
7 - 14 - 18 - -31
6
What is the value of (-1 - 31 - (35 - 42)) + 11?
-14
Evaluate 14 - (-39 + 20 - -42).
-9
Calculate 3 + -5 + (8 - 4 - 0) + -5.
-3
What is -1 + (2 - 1) - (332 + -329)?
-3
Calculate (2 - -3 - -5) + 2 + 19 + -13.
18
Calculate -3 + -4 - -4 - 7.
-10
39 + -21 - 22 - -15
11
Calculate 21 + -19 + 15 - (1 + 12).
4
What is the value of -4 - (14 + -26 - -19 - (1 - 1))?
-11
Calculate -3 + 5 + (-10 - (12 + -26)).
6
Evaluate -34 - (5 + (0 - 1 - -5) - 17).
-26
Evaluate 2 + -12 + 5 - (-12 - -14).
-7
What is the value of (3 - 6) + 0 + -18?
-21
Evaluate -9 + (-35 + 31 - -16).
3
What is the value of 78 + -73 - (5 + (5 - 2))?
-3
What is the value of 0 + (0 - (4 - -2)) + (-5 - -10)?
-1
Calculate 44 + -29 - (22 - -5).
-12
What is -23 + (23 - -3) + 35?
38
What is 8 - (3 + 0 - (18 + -7))?
16
What is the value of 0 + (-1 - -13) + (-2 - -5) + -2?
13
What is (-1 - (-18 - -13)) + (0 + 0 - 4)?
0
Evaluate 16 + -39 + 66 - 39.
4
Calculate 1 + -19 - (10 - 25).
-3
-52 + 28 - -15 - -26
17
Calculate 2 + 4 + 1 - (23 - 40 - -24).
0
Evaluate (-4 - (16 - 18)) + 19.
17
Calculate 4 + -14 + -2 + 3 + 3 + 9.
3
Calculate (-1 - 22) + 236 + -198.
15
-11 - (6 - (-10 + 27) - -20)
-20
Evaluate 4 + (-16 - (-20 + (16 - -24))).
-32
What is -9 - (4 - (-7 + -2 + 9))?
-13
Evaluate -4 + -5 + 7 + (2 - 10 - -5).
-5
Calculate -2 + -10 + 0 - (654 + -657).
-9
-1 + (2 + -2 - 3) + 1
-3
What is -29 + 8 - -9 - -21?
9
Calculate (-58 + 54 - (-1 - 6)) + -9.
-6
What is the value of 0 + 26 - (-95 - -121)?
0
What is the value of 3 - (-19 + 10 - -6)?
6
-9 + 4 + 4 - 3 - (4 - 8)
0
12 - 1 - (-345 + 373)
-17
60 - (-27 + 83) - (1 - -37)
-34
What is the value of -11 - ((-10 + 2 - 0) + (-98 - -67))?
28
9 + -7 + -6 - -9 - (-3 - -8)
0
Evaluate -6 + 13 + 0 + -12 - 3.
-8
Calculate -5 + 15 + (-7 - 26).
-23
-3 + -7 - ((-11 - (-37 - -2)) + -10)
-24
Evaluate -9 + (6 - -5) + -9.
-7
Evaluate (20 - (-12 - -10)) + (-17 - -3 - -7).
15
What is -5 + (5 - -4) - (4 + -12)?
12
Calculate (-1 + (11 - 0) - (65 - 58)) + -6.
-3
What is 86 - 53 - (42 - 9)?
0
Evaluate -1 - 5 - -5 - 9 - -3.
-7
What is 61 + 2 + -23 - 39?
1
Evaluate 33 - (-31 - -47 - -23).
-6
Calculate 7 + (8 + -1 + 0 - (-2 + 0)).
16
Calculate -28 + 21 + 2 + 0.
-5
Calculate -5 + 5 + -10 - -17 - (-3 - 0).
10
What is the value of (13 + -9 - -7) + 3 - 7?
7
What is 249 + -243 - (10 - 1) - -27?
24
-10 + 0 + (77 - 79)
-12
Evaluate 72 - 68 - (-1 + 0) - (-1 - 0).
6
What is the value of (3 - (0 - 11)) + -7 - (8 - 5)?
4
Calculate (29 - 47) + (16 - -2).
0
Evaluate (-52 - (1 + -30)) + 3.
-20
Calculate -11 + -9 + 12 - -11.
3
(5 - 30) + (7 - -6)
-12
Calculate 4 + 0 - 1 - ((1 - 9) + 9).
2
Evaluate (-27 - (-32 + -26)) + -47.
-16
What is the value of (40 - 9) + 0 + -3?
28
Calculate 3 - 1 - (-2 - -5) - (467 - 467).
-1
What is -2 + -48 + -102 + 133?
-19
What is -2 + 8 + -22 - (-6 - -1) - -5?
-6
What is -6 - -13 - (4 - -4) - -8 - 8?
-1
What is the value of 6 - (0 + -1 + 5 + -6) - 30?
-22
What is the value of -109 + 117 + (-4 - 1) - -6?
9
What is (99 - 175) + 59 - (-51 + 0)?
34
What is -8 - 1 - ((14 - 7 - 10) + 0)?
-6
Calculate 12 + (1 + -14 - 14).
-15
What is the value of 3 - ((12 + -30 - -14) + (6 - -1))?
0
-31 + 20 + 1 + 12
2
What is the value of 96 - 93 - (3 + -6 + 4)?
2
-7 + 8 + -7 + 3
-3
Evaluate -14 - (-30 - -61) - -41.
-4
36 - (-7 + 4 + 5 - -12)
22
What is 41 - 10 - (-1 + (-2 - -6))?
28
(-1 + 1 - -2) + (-23 - (4 + -38))
13
Evaluate -4 - -4 - -5 - (4 - 10).
11
Calculate 8 + -18 + (-9 - 17) + 14.
-22
What is the value of -15 - (-5 + 18 - 10)?
-18
What is the value of 5 + (-24 - (-2 - 2)) - -4?
-11
What is the value of -13 + (17 - 27 - -16)?
-7
What is the value of 1 - (0 - -3) - (-86 + 84 - 3)?
3
(-56 - -68) + (-4 - 0) + 0 - 25
-17
1 + 15 - (-584 - -594)
6
What is the value of -6 + (9 - 6) + (-16 - -8)?
-11
What is the value of (-64 - -19) + -1 - -10?
-36
8 - (9 + -30 + 38)
-9
Evaluate -9 - (-10 + (32 - 5)) - -14.
-12
Evaluate 76 + -99 - (-4 + (4 - 10)).
-13
(-33 - (-2 + -1)) + 7
-23
What is -6 - (17 + 13 - 51)?
15
Evaluate (0 - -1) + 7 + (6 - (52 + -40)).
2
-2 + 2 + -6 - (0 - -2 - 12)
4
What is 25 + (-7 - (3 + 2)) + 3?
16
-2 + (-1 - (6 + -5)) + 11 + -4
3
Calculate -29 + -17 + (36 - 13) + 0.
-23
-16 + (13 - 2) - 2
-7
Evaluate 1 - (-12 + 4 + 0) - 2.
7
What is the value of -163 + 141 - (-4 + 16 + -3 - 4)?
-27
Calculate 0 - (-24 + 1 + (-9 - -15)).
17
Evaluate (-32 - -43) + -38 - 0.
-27
Evaluate 6 - ((-1 - 6) + (98 - 87) - -36).
-34
Calculate 2 - (20 - 10 - -6).
-14
-1 - 5 - (-50 - -29)
15
Calculate -18 + 6 - (-34 - -45).
-23
(24 - 13 - 15) + 14
10
-54 - -56 - (-2 - 13)
17
What is -2 + (-3 + -3 + 10 - (12 + -3))?
-7
Calculate 14 + -2 + -40 + 3.
-25
What is the value of 8 + -2 - (-1 + 3 - -2 - -3)?
-1
15 + -15 - -14 - 3
11
What is 5 - 14 - -1 - (-3 + 5 - 3)?
-7
What is the value of 8 + 4 + -21 - -12?
3
What is the value of -8 + -1 - (92 - 103 - (6 - 26))?
-18
28 + (-5 - (-23 + 19))
27
What is the value of 11 - (26 + -24 - (-27 - -2))?
-16
-4 - -3 - (3 + -21 - -24)
-7
Evaluate 4 - (-6 + 25 + -12 - 13).
10
Calculate -9 - (-3 + 2 + -12).
4
Evaluate 4 + -2 + 0 - (8 + (23 - 28)).
-1
What is 9 - (-18 + -3 + -8 + 23)?
15
Evaluate -12 + -7 - -39 - 11.
9
Calculate -5 - 4 - (3 - 1 - 1).
-10
Calculate (8 - 15) + (5 - -11) + 12.
21
27 + (-20 - (8 - -9))
-10
-6 + 0 + 13 + 1
8
Calculate 9 + -9 + -2 - 3.
-5
What is the value of -14 + (43 - 2) + -19?
8
Evaluate -1 - (-1 - 1 - -11 - (-2 + 8)).
-4
16 + -16 + 6 + -18
-12
What is the value of (2 - -1) + -5 + -11 + 12 + -1?
-2
What is the value of -52 + 34 + (12 - 2) + -1?
-9
What is -16 + (14 - -6) - 7?
-3
What is (3 - 2) + (-17 - -12) + 22?
18
What is the value of (-9 - 1) + (54 - 44) + -19?
-19
Calculate 6 - -14 - 19 - (0 - -10).
-9
What is the value of -11 + 1 - (7 - (13 + -4))?
-8
Evaluate -15 + (-2 - (-6 + (6 - -14))).
-31
Evaluate -29 + (-10 + 1 - (132 + -149)).
-21
39 - (3 + 0) - 41
-5
-2 + ((-3 - 0) + 42 + -39 - -5)
3
14 + -8 + -2 + -1
3
What is the value of 9 + -1 + 1 + -1?
8
What is (-1 + -5 + 2 - -15) + 24 + -20?
15
What is 1 - -1 - (-11 - (11 - 7))?
17
What is -7 - ((88 - 108) + -1 + 3 + -5)?
16
What is -1 + 44 - ((2 - -15) + (-30 - -24))?
32
Calculate 8 + -53 + -1 + (-5 + 29 - 12).
-34
What is the value of -4 - 15 - (-8 - -1 - (21 + -26))?
-17
What is the value of (-9 - (-18 + 9)) + -17?
-17
What is 14 + 1 - (-364 + 395)?
-16
Calculate (33 - 16 - (5 + 3)) + 2.
11
What is -9 + 38 + -16 + -22 + (-9 - 1)?
-19
Evaluate -11 - 3 - -23 - 15.
-6
Evaluate -53 - (-18 + 9 + -22).
-22
Evaluate -3 + (-8 - (29 + -48)).
8
What is the value of (7 - -4) + 4 + 4 + -14?
5
Evaluate 1 + (-3 - (5 + -3 + -1) - -6).
3
What is the value of -18 - -13 - (-12 - -25 - 15)?
-3
Evaluate (7 - (-12 - 2)) + -5.
16
-1 + -40 + 16 + 12
-13
What is (28 + -20 - -6) + -20?
-6
Calculate -44 + 52 - (17 - 3).
-6
(8 - (15 + -6)) + (66 - 32)
33
What is the value of -12 + 11 + (-20 - -7)?
-14
Evaluate (9 - 8) + -3 + -10.
-12
Evaluate -3 - -2 - 16 - (-824 + 774).
33
What is 4 - (0 + 3 + 6 + -22)?
17
Calculate -2 - (7 + (-27 - -10)).
8
What is -6 + 2 - (10 + 4 + -2 + -5)?
-11
Calculate (-3 - (-14 - -9)) + 20 - 5.
17
Evaluate -9 + 15 + (-7 - (-6 + 5)) - 0.
0
Calculate -9 - (-7 + -4 + -6 + 33).
-25
What is the value of -26 - -3 - -28 - 17?
-12
-7 + -12 + 2 - -37
20
Evaluate (7 - (-27 + 3)) + -7.
2